{"id":232,"date":"2020-04-15T21:10:47","date_gmt":"2020-04-15T20:10:47","guid":{"rendered":"http:\/\/vieltextil.de\/?page_id=232"},"modified":"2020-05-06T21:19:09","modified_gmt":"2020-05-06T20:19:09","slug":"behelfsmasken","status":"publish","type":"page","link":"https:\/\/vieltextil.de\/?page_id=232","title":{"rendered":"Behelfsmasken"},"content":{"rendered":"\n<p><\/p>\n\n\n\n<p><\/p>\n\n\n\n<p><img loading=\"lazy\" decoding=\"async\" width=\"300\" height=\"223\" class=\"wp-image-286\" style=\"width: 300px;\" src=\"https:\/\/vieltextil.de\/wp-content\/uploads\/2020\/04\/share.jpg\" alt=\"\" srcset=\"https:\/\/vieltextil.de\/wp-content\/uploads\/2020\/04\/share.jpg 1600w, https:\/\/vieltextil.de\/wp-content\/uploads\/2020\/04\/share-300x223.jpg 300w, https:\/\/vieltextil.de\/wp-content\/uploads\/2020\/04\/share-1024x762.jpg 1024w, https:\/\/vieltextil.de\/wp-content\/uploads\/2020\/04\/share-768x572.jpg 768w, https:\/\/vieltextil.de\/wp-content\/uploads\/2020\/04\/share-1536x1143.jpg 1536w\" sizes=\"auto, (max-width: 300px) 100vw, 300px\" \/><\/p>\n\n\n\n<p>Offiziell d\u00fcrfen diese Masken nicht Mund-Nasen-Schutz oder Schutzmaske genannt werden, daher die etwas sperrigen Titel Community-Maske, Mund- und Nasenmaske bzw. Behelfsmaske.<\/p>\n\n\n\n<p>Bitte beachtet den <a rel=\"noreferrer noopener\" href=\"https:\/\/www.bfarm.de\/SharedDocs\/Risikoinformationen\/Medizinprodukte\/DE\/schutzmasken.html\" target=\"_blank\">Link<\/a> des Bundesamt f\u00fcr Arzneimittel und Medizinprodukte.<\/p>\n\n\n\n<p>Bestellbare Gr\u00f6\u00dfen:<\/p>\n\n\n\n<ul class=\"wp-block-list\"><li>XL: Herren mit normalen bis gro\u00dfen K\u00f6pfen<\/li><li>L: Herren mit zierlichen K\u00f6pfen<\/li><li>M: Damen mit gro\u00dfen K\u00f6pfen<\/li><li>S: Damen mit zierlichen K\u00f6pfen und Kinder ab ca. 12 Jahren<\/li><li>Kind gro\u00df: ca. 7-11 Jahre<\/li><li>Kind klein: ca. 3-6 Jahre mit normalen und kleinen K\u00f6pfen<\/li><li>Individuelle Sonderbedruckungen f\u00fcr jede Maske m\u00f6glich, <a href=\"https:\/\/vieltextil.de\/?page_id=297\">klicke hier<\/a><\/li><\/ul>\n\n\n\n<p>Wenn man unsicher ist, lieber eine Nummer gr\u00f6\u00dfer bestellen. Falls die Maske zu locker sitzt, kann das Gummi mittels Knoten verk\u00fcrzt werden<\/p>\n\n\n\n<style type=\"text\/css\">\r\n\t#slgf_236 .gallery1 {\r\n\t\tdisplay: block !important;\r\n\t\twidth: 100% !important;\r\n\t\tmargin: 0 -5px !important; \/* Offset padding *\/\r\n\t}\r\n\t\r\n\t\/* Clearfix for container *\/\r\n\t#slgf_236 .gallery1:after {\r\n\t\tcontent: '';\r\n\t\tdisplay: block;\r\n\t\tclear: both;\r\n\t}\r\n\r\n\t#slgf_236 .wl-gallery {\r\n\t\tfloat: left !important;\r\n\t\tbox-sizing: border-box !important;\r\n\t\tpadding: 0 5px 10px 5px !important; \/* Horizontal padding + bottom margin *\/\r\n\t\tmargin: 0 !important;\r\n\t}\r\n\r\n\t\/* Two Column Layout *\/\r\n\t#slgf_236 .col-md-6 {\r\n\t\twidth: 50% !important;\r\n\t}\r\n\r\n\t\/* Three Column Layout *\/\r\n\t#slgf_236 .col-md-4 {\r\n\t\twidth: 33.33% !important;\r\n\t}\r\n\r\n\t#slgf_236 .col-md-3 {\r\n\t\twidth: 25% !important;\r\n\t}\r\n\r\n\t#slgf_236 .col-md-2 {\r\n\t\twidth: 16.66% !important;\r\n\t}\r\n\r\n\t#slgf_236 .b-link-stroke .b-top-line {\r\n\t\tbackground: rgba(10, 194, 210, 0.5);\r\n\t}\r\n\r\n\t#slgf_236 .b-link-stroke .b-bottom-line {\r\n\t\tbackground: rgba(10, 194, 210, 0.5);\r\n\t}\r\n\r\n\t#slgf_236 .b-wrapper {\r\n\t\tfont-family: font-name;\r\n\t}\r\n\r\n\t#slgf_236 .slgf_home_portfolio_caption {\r\n\t\tbackground: #FFFFFF;\r\n\t}\r\n\r\n\t#slgf_236 .slgf_home_portfolio_caption h3 {\r\n\t\tcolor: #000000;\r\n\t}\r\n\r\n\t#slgf_236 .slg_title_class {\r\n\t\tfont-weight: bolder;\r\n\t\tpadding-bottom: 20px;\r\n\t\tborder-bottom: 2px solid #cccccc;\r\n\t\tmargin-bottom: 20px;\r\n\t\tfont-family: font-name;\r\n\t\tcolor: #2271b1;\r\n\t}\r\n\t.fnf {\r\n\tbackground-color: #a92929;\r\n\tborder-radius: 5px;\r\n\tcolor: #fff;\r\n\tfont-family: initial;\r\n\ttext-align: center;\r\n\tpadding: 12px;\r\n\t}\r\n\t#slgf_236 .img-box-shadow { box-shadow: 0 0 6px rgba(0, 0, 0, .7); }<\/style>\t\r\n\t<div class=\"gal-container\" id=\"slgf_236\">\r\n\t\t\t\t\t<!--get the post id-->\r\n\t\t\t\r\n\t\t\t<!--Gallery Title-->\r\n\t\t\t\t\t\t\t<div class=\"slg_title_class\">\r\n\t\t\t\t\tBehelfsmasken\t\t\t\t<\/div>\r\n\t\t\t\t\t\t<div class=\"row\">\r\n\r\n\t\t\t\t<div class=\"gallery1 lightgallery_236\">\r\n\t\t\t\t\t\t\t\t\t<\/div>\r\n\t\t\t<\/div>\r\n\t\t\t<\/div>\r\n\r\n\t<!-- Swipe Box-->\r\n\t\n\n\n\n<p>Ein Standard-Maske (ohne Druck, etc.) kostet 8,- \u20ac. Ein Versand ist nach Absprache m\u00f6glich.<\/p>\n\n\n\n<p>Bei Interesse schreibt mich \u00fcber das <a rel=\"noreferrer noopener\" href=\"https:\/\/vieltextil.de\/?page_id=69\" target=\"_blank\"><strong><span style=\"color:#fd1e0a\" class=\"has-inline-color\">Kontaktformular<\/span><\/strong><\/a> an.<\/p>\n\n\n\n<p>Diese Masken sind selbstgen\u00e4ht und haben keine Zertifizierung und Pr\u00fcfung. Sie gelten ausdr\u00fccklich nicht als Medizinprodukt. Die Benutzung liegt in der Verantwortung jedes Einzelnen. Der Mundschutz ist kein 100 %iger Schutz vor der Erkrankung mit bestimmten Bakterien und Viren, dennoch kann er helfen, das Ansteckungsrisiko, sowei die Verbreitung zu minimieren.<\/p>\n\n\n\n<p>Erg\u00e4nzende Verwendungshinweise:<\/p>\n\n\n\n<ul class=\"wp-block-list\"><li>Die Maske nur trocken tragen<\/li><li>Nach der Benutzung die Maske bei 60 \u00b0 C waschen<\/li><\/ul>\n\n\n\n<p><\/p>\n\n\n\n<p><\/p>\n","protected":false},"excerpt":{"rendered":"<p>Offiziell d\u00fcrfen diese Masken nicht Mund-Nasen-Schutz oder Schutzmaske genannt werden, daher die etwas sperrigen Titel Community-Maske, Mund- und Nasenmaske bzw. Behelfsmaske. Bitte beachtet den Link des Bundesamt f\u00fcr Arzneimittel und Medizinprodukte. Bestellbare Gr\u00f6\u00dfen: XL: Herren mit normalen bis gro\u00dfen K\u00f6pfen L: Herren mit zierlichen K\u00f6pfen M: Damen mit gro\u00dfen K\u00f6pfen S: Damen mit zierlichen K\u00f6pfen &hellip; <a href=\"https:\/\/vieltextil.de\/?slgf_slider=behelfsmasken\" class=\"more-link\"><span class=\"screen-reader-text\">Behelfsmasken<\/span> weiterlesen <span class=\"meta-nav\">&rarr;<\/span><\/a><\/p>\n","protected":false},"author":1,"featured_media":0,"parent":0,"menu_order":0,"comment_status":"closed","ping_status":"closed","template":"","meta":{"footnotes":""},"class_list":["post-232","page","type-page","status-publish","hentry"],"_links":{"self":[{"href":"https:\/\/vieltextil.de\/index.php?rest_route=\/wp\/v2\/pages\/232","targetHints":{"allow":["GET"]}}],"collection":[{"href":"https:\/\/vieltextil.de\/index.php?rest_route=\/wp\/v2\/pages"}],"about":[{"href":"https:\/\/vieltextil.de\/index.php?rest_route=\/wp\/v2\/types\/page"}],"author":[{"embeddable":true,"href":"https:\/\/vieltextil.de\/index.php?rest_route=\/wp\/v2\/users\/1"}],"replies":[{"embeddable":true,"href":"https:\/\/vieltextil.de\/index.php?rest_route=%2Fwp%2Fv2%2Fcomments&post=232"}],"version-history":[{"count":19,"href":"https:\/\/vieltextil.de\/index.php?rest_route=\/wp\/v2\/pages\/232\/revisions"}],"predecessor-version":[{"id":310,"href":"https:\/\/vieltextil.de\/index.php?rest_route=\/wp\/v2\/pages\/232\/revisions\/310"}],"wp:attachment":[{"href":"https:\/\/vieltextil.de\/index.php?rest_route=%2Fwp%2Fv2%2Fmedia&parent=232"}],"curies":[{"name":"wp","href":"https:\/\/api.w.org\/{rel}","templated":true}]}}