{"id":43,"date":"2017-01-16T19:46:59","date_gmt":"2017-01-16T18:46:59","guid":{"rendered":"http:\/\/vieltextil.de\/?page_id=43"},"modified":"2017-12-09T17:52:37","modified_gmt":"2017-12-09T16:52:37","slug":"kleidung-kids","status":"publish","type":"page","link":"https:\/\/vieltextil.de\/?page_id=43","title":{"rendered":"Kleidung &#8211; Kids"},"content":{"rendered":"<p>Hier seht ihr eine kleine Auswahl an Kinderkleidung, die ich gefertigt habe.<\/p>\n<p>Unter Anderem:<\/p>\n<ul>\n<li>Alltagsbekleidung<\/li>\n<li>Hochzeitsoutfit<\/li>\n<li>verschiedenste M\u00fctzen &amp; Loops<\/li>\n<li>Pumphosen &amp; exztravagante Hosen<\/li>\n<li>Sommer &amp; Winterbekleidung<\/li>\n<li>schlichte M\u00e4dchenkleidern oder<\/li>\n<li>ausgefallene R\u00fcschenkleider und R\u00f6cke, da ist f\u00fcr jeden etwas dabei.<\/li>\n<\/ul>\n<p>Ich personaliese gerne das Kleidungsst\u00fcck ihres Kindes oder versehe es mit einer ausgefallenen Applikation.<\/p>\n<p>Interesse an einem idividuellen Geschenk, das es so nicht noch einmal zu kaufen gibt? Dann einfach eine Anfrage \u00fcber mein <a href=\"http:\/\/vieltextil.de\/?page_id=69\">Kontaktformular<\/a> stellen<\/p>\n<style type=\"text\/css\">\r\n\t#slgf_198 .gallery1 {\r\n\t\tdisplay: block !important;\r\n\t\twidth: 100% !important;\r\n\t\tmargin: 0 -5px !important; \/* Offset padding *\/\r\n\t}\r\n\t\r\n\t\/* Clearfix for container *\/\r\n\t#slgf_198 .gallery1:after {\r\n\t\tcontent: '';\r\n\t\tdisplay: block;\r\n\t\tclear: both;\r\n\t}\r\n\r\n\t#slgf_198 .wl-gallery {\r\n\t\tfloat: left !important;\r\n\t\tbox-sizing: border-box !important;\r\n\t\tpadding: 0 5px 10px 5px !important; \/* Horizontal padding + bottom margin *\/\r\n\t\tmargin: 0 !important;\r\n\t}\r\n\r\n\t\/* Two Column Layout *\/\r\n\t#slgf_198 .col-md-6 {\r\n\t\twidth: 50% !important;\r\n\t}\r\n\r\n\t\/* Three Column Layout *\/\r\n\t#slgf_198 .col-md-4 {\r\n\t\twidth: 33.33% !important;\r\n\t}\r\n\r\n\t#slgf_198 .col-md-3 {\r\n\t\twidth: 25% !important;\r\n\t}\r\n\r\n\t#slgf_198 .col-md-2 {\r\n\t\twidth: 16.66% !important;\r\n\t}\r\n\r\n\t#slgf_198 .b-link-stroke .b-top-line {\r\n\t\tbackground: rgba(10, 194, 210, 0.5);\r\n\t}\r\n\r\n\t#slgf_198 .b-link-stroke .b-bottom-line {\r\n\t\tbackground: rgba(10, 194, 210, 0.5);\r\n\t}\r\n\r\n\t#slgf_198 .b-wrapper {\r\n\t\tfont-family: font-name;\r\n\t}\r\n\r\n\t#slgf_198 .slgf_home_portfolio_caption {\r\n\t\tbackground: #FFFFFF;\r\n\t}\r\n\r\n\t#slgf_198 .slgf_home_portfolio_caption h3 {\r\n\t\tcolor: #000000;\r\n\t}\r\n\r\n\t#slgf_198 .slg_title_class {\r\n\t\tfont-weight: bolder;\r\n\t\tpadding-bottom: 20px;\r\n\t\tborder-bottom: 2px solid #cccccc;\r\n\t\tmargin-bottom: 20px;\r\n\t\tfont-family: font-name;\r\n\t\tcolor: #2271b1;\r\n\t}\r\n\t.fnf {\r\n\tbackground-color: #a92929;\r\n\tborder-radius: 5px;\r\n\tcolor: #fff;\r\n\tfont-family: initial;\r\n\ttext-align: center;\r\n\tpadding: 12px;\r\n\t}\r\n\t#slgf_198 .img-box-shadow { box-shadow: 0 0 6px rgba(0, 0, 0, .7); }<\/style>\t\r\n\t<div class=\"gal-container\" id=\"slgf_198\">\r\n\t\t\t\t\t<!--get the post id-->\r\n\t\t\t\r\n\t\t\t<!--Gallery Title-->\r\n\t\t\t\t\t\t\t<div class=\"slg_title_class\">\r\n\t\t\t\t\tKleidung Kids\t\t\t\t<\/div>\r\n\t\t\t\t\t\t<div class=\"row\">\r\n\r\n\t\t\t\t<div class=\"gallery1 lightgallery_198\">\r\n\t\t\t\t\t\t\t\t\t<\/div>\r\n\t\t\t<\/div>\r\n\t\t\t<\/div>\r\n\r\n\t<!-- Swipe Box-->\r\n\t\n","protected":false},"excerpt":{"rendered":"<p>Hier seht ihr eine kleine Auswahl an Kinderkleidung, die ich gefertigt habe. Unter Anderem: Alltagsbekleidung Hochzeitsoutfit verschiedenste M\u00fctzen &amp; Loops Pumphosen &amp; exztravagante Hosen Sommer &amp; Winterbekleidung schlichte M\u00e4dchenkleidern oder ausgefallene R\u00fcschenkleider und R\u00f6cke, da ist f\u00fcr jeden etwas dabei. Ich personaliese gerne das Kleidungsst\u00fcck ihres Kindes oder versehe es mit einer ausgefallenen Applikation. Interesse &hellip; <a href=\"https:\/\/vieltextil.de\/?slgf_slider=kleidung-kids\" class=\"more-link\"><span class=\"screen-reader-text\">Kleidung Kids<\/span> weiterlesen <span class=\"meta-nav\">&rarr;<\/span><\/a><\/p>\n","protected":false},"author":1,"featured_media":0,"parent":13,"menu_order":0,"comment_status":"closed","ping_status":"closed","template":"","meta":{"footnotes":""},"class_list":["post-43","page","type-page","status-publish","hentry"],"_links":{"self":[{"href":"https:\/\/vieltextil.de\/index.php?rest_route=\/wp\/v2\/pages\/43","targetHints":{"allow":["GET"]}}],"collection":[{"href":"https:\/\/vieltextil.de\/index.php?rest_route=\/wp\/v2\/pages"}],"about":[{"href":"https:\/\/vieltextil.de\/index.php?rest_route=\/wp\/v2\/types\/page"}],"author":[{"embeddable":true,"href":"https:\/\/vieltextil.de\/index.php?rest_route=\/wp\/v2\/users\/1"}],"replies":[{"embeddable":true,"href":"https:\/\/vieltextil.de\/index.php?rest_route=%2Fwp%2Fv2%2Fcomments&post=43"}],"version-history":[{"count":11,"href":"https:\/\/vieltextil.de\/index.php?rest_route=\/wp\/v2\/pages\/43\/revisions"}],"predecessor-version":[{"id":220,"href":"https:\/\/vieltextil.de\/index.php?rest_route=\/wp\/v2\/pages\/43\/revisions\/220"}],"up":[{"embeddable":true,"href":"https:\/\/vieltextil.de\/index.php?rest_route=\/wp\/v2\/pages\/13"}],"wp:attachment":[{"href":"https:\/\/vieltextil.de\/index.php?rest_route=%2Fwp%2Fv2%2Fmedia&parent=43"}],"curies":[{"name":"wp","href":"https:\/\/api.w.org\/{rel}","templated":true}]}}